 222518620?
2
What is the thousands digit of 39258950?
8
What is the units digit of 24704501?
1
What is the tens digit of 188918083?
8
What is the hundreds digit of 443216626?
6
What is the hundreds digit of 148738234?
2
What is the hundred thousands digit of 30633277?
6
What is the ten thousands digit of 43233855?
3
What is the ten thousands digit of 182712690?
1
What is the hundred millions digit of 406423805?
4
What is the ten thousands digit of 18449767?
4
What is the hundreds digit of 209498759?
7
What is the tens digit of 233507158?
5
What is the hundred thousands digit of 17199084?
1
What is the tens digit of 1694247525?
2
What is the units digit of 402415763?
3
What is the ten thousands digit of 799578230?
7
What is the units digit of 704644542?
2
What is the millions digit of 472171441?
2
What is the hundreds digit of 45222237?
2
What is the ten millions digit of 66134846?
6
What is the ten millions digit of 448351445?
4
What is the units digit of 1389284259?
9
What is the thousands digit of 83141747?
1
What is the ten thousands digit of 14337565?
3
What is the hundred thousands digit of 25681200?
6
What is the thousands digit of 1115560405?
0
What is the units digit of 155061930?
0
What is the units digit of 34410386?
6
What is the tens digit of 4011236989?
8
What is the ten thousands digit of 26222781?
2
What is the tens digit of 3473300?
0
What is the ten millions digit of 3075801305?
7
What is the ten thousands digit of 813603836?
0
What is the millions digit of 341457679?
1
What is the tens digit of 2641980721?
2
What is the ten millions digit of 342416047?
4
What is the hundred millions digit of 3856259062?
8
What is the hundreds digit of 327706748?
7
What is the hundred thousands digit of 794726920?
7
What is the thousands digit of 347918424?
8
What is the ten thousands digit of 61402347?
0
What is the hundred thousands digit of 18821853?
8
What is the units digit of 493324313?
3
What is the tens digit of 46728043?
4
What is the hundred thousands digit of 132852728?
8
What is the units digit of 1617935371?
1
What is the ten thousands digit of 19422438?
2
What is the hundred millions digit of 113364516?
1
What is the thousands digit of 371247?
1
What is the hundred millions digit of 802661186?
8
What is the tens digit of 201838613?
1
What is the hundred thousands digit of 24815807?
8
What is the ten thousands digit of 5390000?
9
What is the hundred thousands digit of 47609524?
6
What is the hundreds digit of 374240886?
8
What is the hundred thousands digit of 51099343?
0
What is the hundred millions digit of 6442444664?
4
What is the ten thousands digit of 2931084341?
8
What is the billions digit of 2779768044?
2
What is the thousands digit of 1622237363?
7
What is the hundreds digit of 90856705?
7
What is the hundred millions digit of 170130703?
1
What is the hundred thousands digit of 69455675?
4
What is the tens digit of 78768246?
4
What is the ten millions digit of 913970611?
1
What is the tens digit of 31979386?
8
What is the units digit of 6659677501?
1
What is the tens digit of 36596953?
5
What is the tens digit of 24070328?
2
What is the millions digit of 589714013?
9
What is the hundred thousands digit of 1159204251?
2
What is the units digit of 148116444?
4
What is the millions digit of 106788053?
6
What is the tens digit of 9729687154?
5
What is the hundreds digit of 2084650899?
8
What is the hundred thousands digit of 422069399?
0
What is the billions digit of 2538098090?
2
What is the tens digit of 953317315?
1
What is the hundred millions digit of 1840266793?
8
What is the units digit of 1694346125?
5
What is the hundred millions digit of 770634831?
7
What is the hundreds digit of 156610195?
1
What is the tens digit of 287881574?
7
What is the billions digit of 1280232349?
1
What is the hundred thousands digit of 42489259?
4
What is the millions digit of 205355326?
5
What is the millions digit of 715127857?
5
What is the units digit of 58581671?
1
What is the thousands digit of 1353448989?
8
What is the thousands digit of 750869399?
9
What is the hundreds digit of 12610123?
1
What is the millions digit of 384191549?
4
What is the thousands digit of 112224005?
4
What is the millions digit of 1685275615?
5
What is the thousands digit of 51440807?
0
What is the units digit of 3719890490?
0
What is the millions digit of 1196611950?
6
What is the tens digit of 140962566?
6
What is the units digit of 134229034?
4
What is the ten millions digit of 40742366?
4
What is the tens digit of 26008725?
2
What is the hundred thousands digit of 344357761?
3
What is the units digit of 27600467?
7
What is the units digit of 3545954940?
0
What is the tens digit of 1872017537?
3
What is the ten thousands digit of 188627707?
2
What is the ten thousands digit of 6005662764?
6
What is the ten millions digit of 206659677?
0
What is the ten thousands digit of 32768930?
6
What is the ten thousands digit of 3444575?
4
What is the hundred thousands digit of 134751600?
7
What is the millions digit of 37897105?
7
What is the ten thousands digit of 1858423459?
2
What is the ten thousands digit of 611297816?
9
What is the tens digit of 288435105?
0
What is the millions digit of 173017603?
3
What is the hundred millions digit of 169804216?
1
What is the millions digit of 44192619?
4
What is the hundreds digit of 8907056?
0
What is the billions digit of 1369029259?
1
What is the thousands digit of 31570727?
0
What is the units digit of 443713505?
5
What is the thousands digit of 53843469?
3
What is the ten thousands digit of 523642111?
4
What is the hundred thousands digit of 341398765?
3
What is the ten thousands digit of 113019983?
1
What is the thousands digit of 706310665?
0
What is the millions digit of 192278222?
2
What is the hundreds digit of 12188064?
0
What is the tens digit of 2930830636?
3
What is the tens digit of 34929676?
7
What is the thousands digit of 8568417?
8
What is the ten millions digit of 56506506?
5
What is the ten millions digit of 13136539?
1
What is the units digit of 17941031?
1
What is the hundreds digit of 204612715?
7
What is the hundred thousands digit of 886517373?
5
What is the tens digit of 1888313062?
6
What is the units digit of 34847285?
5
What is the hundred thousands digit of 120234246?
2
What is the hundred thousands digit of 10161572?
1
What is the units digit of 227639747?
7
What is the tens digit of 71295065?
6
What is the tens digit of 10947427?
2
What is the hundred millions digit of 185227265?
1
What is the hundreds digit of 62653625?
6
What is the hundreds digit of 78369760?
7
What is the hundreds digit of 469143637?
6
What is the units digit of 64224088?
8
What is the thousands digit of 886282?
6
What is the units digit of 5347060317?
7
What is the millions digit of 178471239?
8
What is the ten thousands digit of 332132403?
3
What is the thousands digit of 125877111?
7
What is the hundred millions digit of 474265228?
4
What is the tens digit of 487151840?
4
What is the billions digit of 1224600512?
1
What is the ten thousands digit of 838787581?
8
What is the tens digit of 3195060702?
0
What is the ten thousands digit of 45329675?
2
What is the hundred millions digit of 126407858?
1
What is the ten thousands digit of 92700770?
0
What is the hundred millions digit of 3695415736?
6
What is the millions digit of 14247206?
4
What is the ten thousands digit of 566772408?
7
What is the hundreds digit of 30188452?
4
What is the hundred thousands digit of 788700351?
7
What is the thousands digit of 191327069?
7
What is the ten millions digit of 1364985674?
6
What is the tens digit of 17342205?
0
What is the hundred thousands digit of 61096991?
0
What is the millions digit of 6189274659?
9
What is the hundred thousands digit of 1618735685?
7
What is the hundreds digit of 386288171?
1
What is the units digit of 3996583714?
4
What is the tens digit of 96257831?
3
What is the units digit of 2393690390?
0
What is the hundreds digit of 100687994?
9
What is the hundred millions digit of 108456325?
1
What is the ten millions digit of 1986428451?
8
What is the units digit of 119717264?
4
What is the tens digit of 89526309?
0
What is the thousands digit of 29775090?
5
What is the hundred millions digit of 500394